 4*p = -12. List the prime factors of a.
2, 3
Let b(d) = 4*d - 2. What are the prime factors of b(18)?
2, 5, 7
Let w = 19 - 19. What are the prime factors of 99/((-12)/(-4)) + w?
3, 11
Let o(l) = -2*l + 7. Let j be o(-8). Suppose t + 110 = 6*t. Suppose 5*c - j = t. What are the prime factors of c?
3
Let g be 32/(-10) + 5/25. Let y be (-1)/g + 154/6. Let d = 43 - y. List the prime factors of d.
17
Suppose 1 = 3*i - 4*i. Let a be i/2 + 5/2. Suppose y + 1 = -4*w, -a*y + 3*w = -2*w - 11. What are the prime factors of y?
3
Let r = -211 + 426. Suppose r = 3*j + 83. Let w = j - 31. What are the prime factors of w?
13
Let o(q) = -q**2 - 5*q. Let c be o(-5). Let l(h) = -h**2 - h + 13. What are the prime factors of l(c)?
13
Suppose 12 = -3*q - 0*q. What are the prime factors of 2 + 14/(q/(-2))?
3
Let y(t) = 13*t**3 + 3*t**2 - 2*t + 2. Let l be y(2). Suppose 22 = 3*p - n - l, -2*p = 3*n - 76. What are the prime factors of p?
2, 11
Suppose -4*w + 11 = -1. Suppose -1 = -b + 3. Suppose b*l - 77 = 3*g, 5*l - 2*g - 101 = -w*g. List the prime factors of l.
2, 5
Let h(i) = i**2 + 11*i + 14. Let p be h(-10). Suppose 4 = 2*f + p*y, 5*f + 3*y - 46 = -8. What are the prime factors of f?
2, 5
Let q be -1*(-5)/(10/12). Let c(n) = n**2 - 3*n. What are the prime factors of c(q)?
2, 3
Let m = 1 + 4. Let p(l) = -l**3 + 6*l**2 - 3*l - 7. List the prime factors of p(m).
3
Let s be 2/6*(-9 - -6). Let b(z) = -4*z**2 + 4*z - 3. Let t(x) = 7*x**2 - 7*x + 5. Let o(v) = 5*b(v) + 3*t(v). List the prime factors of o(s).
2
Let n be (-42)/(-9)*(-3)/(-2). Suppose n*s = 3*s + 20. List the prime factors of s.
5
Let x(p) = -p**3 - 26*p**2 - 27*p - 25. List the prime factors of x(-25).
5
Let c(q) = -q + 9 + 2*q + 0*q - 1. List the prime factors of c(0).
2
Let l be (-1 - 138)/(-1)*1. Let i = l + -79. Suppose h = -2*c - h + 44, 5*c - i = 5*h. What are the prime factors of c?
17
Let g(r) = r - 9. Let c be g(7). Let n be -1 + -2 + 0 + -1. What are the prime factors of (63/(-12) - c)*n?
13
Let h(x) = -x**2 - 3*x + 4. Let j be h(-3). Suppose -z = j*z. List the prime factors of 6 + -1 + (0 - z).
5
Suppose -l - 3 = 0, -2*f + l + 5 = -0*f. Suppose 4*j - 8 = 2*p, 1 + f = -5*p + 4*j. Let h(u) = 2*u - 1. What are the prime factors of h(p)?
3
What are the prime factors of 3/(4 + (-205)/52)?
2, 13
Suppose -20 = g + 3*g. Let u = g + 8. Suppose 0 = -u*c - 0*c + 18. What are the prime factors of c?
2, 3
Suppose 55 = 2*v + 15. Suppose -3*t + 7*t = -2*f + v, -56 = -2*f + 5*t. List the prime factors of f.
2, 3
Let v = -4 + 4. Suppose v = 6*l - l. List the prime factors of -1 + l + 8 + 0.
7
Let r(g) be the third derivative of 13*g**5/60 - g**3/6 - 2*g**2. Let y be r(1). Suppose -4*m + 2*v = -y, 3*m - 2 + 4 = -4*v. What are the prime factors of m?
2
Suppose -3*k - 1 = 5. Let j be (-5 + 2 - k)/1. Let n = j + 9. What are the prime factors of n?
2
Let m(n) = 11*n. Let f = -2 + 3. List the prime factors of m(f).
11
Suppose 0*k + 2*k - 116 = 0. Suppose -3*r - 4 + k = 0. List the prime factors of r.
2, 3
What are the prime factors of 130/(-39) + (-2)/3 + 219?
5, 43
Let g be 0/1 - (2 - 4). Suppose 5*x - w - 65 = 0, g*x + 3*w = 11 - 2. What are the prime factors of x?
2, 3
Let b be ((-10)/(-3))/((-1)/(-3)). List the prime factors of 2/(-4) + 165/b.
2
What are the prime factors of ((-192)/(-9))/((-12)/(-18))?
2
Let g be (-41)/(-2) + 2/4. What are the prime factors of 624/g + 4/14?
2, 3, 5
Let o(w) = 19*w**2 + 6*w + 6. List the prime factors of o(-2).
2, 5, 7
Let r = 30 - -40. List the prime factors of r.
2, 5, 7
Suppose -3*x + 2*y = -y - 576, 4*x + y = 768. List the prime factors of x.
2, 3
Let j(a) = a**2 + 5. Suppose 0 = 3*z + 2*z. What are the prime factors of j(z)?
5
Let d(x) = -x - x**3 - 8*x**2 + 2*x - 8*x + 2. Suppose 4*u - 6*u = 14. What are the prime factors of d(u)?
2
Suppose 2*o + 5 - 21 = 0. List the prime factors of (0 + o + -1)*1.
7
Suppose 8*p - 9*p = -64. What are the prime factors of p?
2
Suppose 0 = -2*f - 2*f + 8. Suppose -f*b - 5*o + 1 = -1, 2*o = -b. What are the prime factors of (10 + -4)*(-6)/b?
3
Suppose -5*r + 85 = l - 0*l, -l = -4*r - 103. What are the prime factors of l?
5, 19
Let p = -3 + 18. List the prime factors of p.
3, 5
Let c(b) = -2*b + 3. Let w be c(-8). Let p = w + -12. Suppose 5*y + p = 32. What are the prime factors of y?
5
Let m(o) = o**3 + 8*o**2 + 2. Let c be m(-8). Let u = 3 - 3. Let z = u + c. What are the prime factors of z?
2
Let h = 23 + 15. What are the prime factors of h?
2, 19
Suppose c - 53 = -5*m, 4*m - 287 = -5*c + m. What are the prime factors of c?
2, 29
Let k(n) = -8*n - 7. List the prime factors of k(-2).
3
Let u(i) = 2*i - 5. Let m be u(4). Suppose -7*c = -m*c + 16. What are the prime factors of (-1 + -4)/(c/8)?
2, 5
Let f be 1 + 1 - (3 - 0). Let z be 1/f - -3*3. Let p = z + 4. What are the prime factors of p?
2, 3
Let w = 1 - -1. Let y(j) = j**2 + 3*j + 2. Let x be y(-3). Suppose w*h - 30 = -2*z, 35 = 4*h + z - x*z. What are the prime factors of h?
2, 5
Suppose -3*f + 6*f - 246 = 0. List the prime factors of f.
2, 41
Suppose -4*k + 525 = -207. What are the prime factors of k?
3, 61
Let u be -3 + 12 - 4/2. Let y = u - 4. List the prime factors of 7 - (-1)/(y/6).
3
Suppose 1016 = -0*y + 8*y. List the prime factors of y.
127
Suppose -3*x + 8*x = 15. Suppose -x*g + 149 = -4. List the prime factors of g.
3, 17
Suppose 5*b + 5*s - 125 = 0, 3*b - 3*s - 45 = -0. What are the prime factors of b?
2, 5
Let s(a) = -7*a**2 - 13*a + 4. Let u(x) = 15*x**2 + 27*x - 8. Let j(d) = 13*s(d) + 6*u(d). What are the prime factors of j(-3)?
2
Suppose -7*d + 3*d = -24. Let u(k) = 3*k - 7. List the prime factors of u(d).
11
Let s(i) = -i**3 - 5*i**2 - 3*i. Let p be s(-3). Suppose 0 = 3*w + w - 24. List the prime factors of 1*-6*p/w.
3
Let q = 0 + 9. Suppose 0 = -4*b + q + 19. What are the prime factors of b?
7
Let t = -17 + 25. What are the prime factors of (-3)/4 - (-54)/t?
2, 3
Suppose -5*s - 4 - 56 = 0. Let y be (-26)/((s/15)/2). Suppose -4*r + y = r. What are the prime factors of r?
13
Let i be 260/16 - (-2)/(-8). Let u(p) = p**3 - 16*p**2 + p + 20. What are the prime factors of u(i)?
2, 3
Let s = -26 - -45. List the prime factors of s.
19
Let n = -10 + 4. Let r be (2/(-6))/((-1)/n). What are the prime factors of 0 - ((-7)/1 - r)?
5
Suppose 2*s - 15 = -5. List the prime factors of s.
5
Suppose 63 = -0*q + 3*q. List the prime factors of q.
3, 7
Let u(q) = q**3 - 9*q**2 + q - 3. Suppose 0 = -2*y - 2*l + 28, 0 = -0*y - 5*y + l + 40. List the prime factors of u(y).
2, 3
Suppose -2*n - 4*y = -44, -n + 0*y = -4*y + 8. Let b(t) be the third derivative of -t**5/60 + 11*t**4/24 + 17*t**3/6 - t**2. What are the prime factors of b(n)?
5
Let t = 666 - 391. What are the prime factors of t?
5, 11
Let c be (-4)/(-14) - (-244)/28. Suppose -c*y = -4*y - 25. Suppose -2*k - y*i = -56, -2*i = 5*k - 51 - 68. List the prime factors of k.
23
Suppose 2*s + 5 = 45. Suppose 3*h + u - 60 = 5*u, -u = -h + s. List the prime factors of h.
2, 5
Let y(i) = -i**3 + i + 7. Let f be y(0). Let g be (-12)/42 + 72/f. What are the prime factors of 5/g*24/1?
2, 3
Let m = 81 + -32. List the prime factors of m.
7
Suppose 6 = 3*u - 2*u. Let d = -5 + u. Suppose -d = -3*z + 8. List the prime factors of z.
3
Let w(h) = 4*h + 8. Let n be w(-8). What are the prime factors of (n/14)/(2/(-7))?
2, 3
Suppose 2*q - 6*q + 4 = 0, -4*a - q + 13 = 0. Suppose -j + 10 = 2*c, -3*j + a*c + 30 = 4*c. Let p = j + -7. What are the prime factors of p?
3
Let r(v) = -v**3 + 12*v**2 + 10*v + 9. What are the prime factors of r(12)?
3, 43
Let v(t) = -3*t**3 - 2*t**2 + 2*t - 1. Let x be v(1). Let y = -1 - x. List the prime factors of y.
3
Let p = 4 - 3. What are the prime factors of -1 - (-1 - 8*p)?
2
Suppose 6*y - 3*y - 120 = 0. Suppose 0 = q - y + 12. List the prime factors of q.
2, 7
What are the prime factors of (202*((-4)/(-8) - 0))/1?
101
Suppose 0 = g - 4*f + 10, 0*f + 4 = g + 3*f. Let m be (2/g)/((-1)/3). Let l = m + 6. What are the prime factors of l?
3
Let n = -72 - -77. Let s be (-4)/(-5)*(3 + 2). Suppose 7*c - s*c - 5 = -l, 0 = -3*c - n*l + 1. List the prime factors of c.
2
Suppose 0 = 4*h + h - 390. Suppose -3*x - 27 + h = 3*l, -l = -4*x - 27. Let d = l - 7. List the prime factors of d.
2, 3
Let h(f) = -f**3 - 6*f**2 - 5*f + 6. Let n